ivided by 26.
24
Let w = 9 - 2. Let u = -4 + 7. Suppose 39 = 6*t - u*t. What is the remainder when t is divided by w?
6
Let t be 3/(-12) - 181/(-4). Suppose t = 4*f - f. Calculate the remainder when 28 is divided by f.
13
Let z(t) = 29*t**2 + 1. Calculate the remainder when z(2) is divided by 17.
15
Suppose 4*f - 3 = 9. Let x(q) = -2*q - 16. Let j be x(-8). Suppose j = t - f - 7. Calculate the remainder when t is divided by 6.
4
Suppose 3*g + 3*y - 21 = 0, 3*g + y - 13 = 4. What is the remainder when 17 is divided by g?
2
Let z(u) = 31*u**3 - 2*u**2 + 1. Suppose 0 - 4 = 2*s. Let j be s/(2/(-2) + -1). What is the remainder when z(j) is divided by 8?
6
Let b = 17 - -6. What is the remainder when 67 is divided by b?
21
Let k(a) = -2*a**3 + 7*a**2 - 3*a + 1. Let h(o) = -3*o**3 + 8*o**2 - 3*o + 1. Let z(w) = -3*h(w) + 4*k(w). Calculate the remainder when 23 is divided by z(-4).
10
Let b(n) be the third derivative of 23*n**5/60 + n**4/24 + n**3/6 - 2*n**2. Calculate the remainder when b(-1) is divided by 8.
7
Suppose 4 + 1 = 5*w. Suppose 3*z + 7 = -5*h, -2*z + 8 = -7*h + 4*h. Calculate the remainder when w is divided by z.
0
Let o = 10 - 5. Suppose 94 = o*i - 46. What is the remainder when i is divided by 224/22 + (-4)/22?
8
Suppose 2*k = -k + 69. Let j be 6/(-21) - k/(-7). Suppose 4*p - 2 = y - 4, j*y - 2*p = 16. Calculate the remainder when 11 is divided by y.
5
Suppose 0 = -5*b + 191 + 59. Let w be 1*(-2 + (-6)/(-1)). Suppose -3*x + 0*n + 77 = 5*n, 0 = -2*x - w*n + b. Calculate the remainder when x is divided by 15.
14
Let o(n) = -14*n - 27. Let v = -5 - -25. Calculate the remainder when o(-6) is divided by v.
17
Suppose 0 = -3*v + w + 41, 20 = 4*v + 5*w - 3. What is the remainder when v is divided by 5?
2
Let j = -152 - -374. Suppose 3*k = j - 21. Calculate the remainder when k is divided by 17.
16
Calculate the remainder when 100 is divided by (-180)/(-7) + 14/49.
22
Let f = -37 - -77. Calculate the remainder when f is divided by 16.
8
Suppose 48 = 5*y - 107. What is the remainder when 61 is divided by y?
30
What is the remainder when 38 is divided by ((-30)/(-21))/((-5)/(-35))?
8
Suppose 0 = 2*y + 2, -4*y = i - 4*i + 88. What is the remainder when i is divided by 15?
13
Suppose -s + 0*s = -78. Suppose -a - 8 = a, -147 = -5*c + 3*a. What is the remainder when s is divided by c?
24
Suppose 5*s = s + 4*k + 64, -4*s + 3*k = -68. Calculate the remainder when 37 is divided by s.
17
Suppose p = 5*p - 4*l - 24, 0 = 5*p + 5*l. Suppose -p*x = x. Suppose 8 = 2*u + 3*r, -4*u + 24 = -x*u + 4*r. Calculate the remainder when 28 is divided by u.
8
Let a = 10 - 8. Suppose 4*b = z + 8, a*b + 3*b - 2*z = 13. What is the remainder when b is divided by 1?
0
Let a = 5 + -3. Suppose -a = g - m, 2*g - 5*m + 12 = -2*g. Suppose -y = g*y - 48. Calculate the remainder when 47 is divided by y.
15
Let j = 4 - 3. Let h = 8 + j. Calculate the remainder when 35 is divided by h.
8
Suppose -2*s - 8 + 106 = 0. What is the remainder when s is divided by 13?
10
Suppose -4*x = 4*k - 164, -k - 4*k + 2*x = -170. Calculate the remainder when k is divided by 19.
17
Suppose 53*y = 49*y + 88. Calculate the remainder when 87 is divided by y.
21
Let u(v) = -v**3 + 5*v**2 - v + 4. Let f be u(5). Suppose 5*s = -807 - 33. Calculate the remainder when 5*f*s/15 is divided by 19.
18
Suppose 0 = 6*x - 781 + 67. Calculate the remainder when x is divided by 30.
29
Let u(w) = -w - 8. Let i(s) = -1. Let h(g) = -2*i(g) - u(g). Let b(p) = p**3 - 5*p**2 + 7*p - 5. Calculate the remainder when h(10) is divided by b(4).
6
Let a = 27 + -18. Suppose -a = -3*v + 12. What is the remainder when 27 is divided by v?
6
Let t = 47 + -25. Suppose 2*j - t = -0*j. Suppose 0 = -2*i - 5*a + j, -6 = -4*i + 2*a + 52. What is the remainder when i is divided by 7?
6
Suppose 2*k + 12 = 5*l - 3*l, 4*k - 21 = -l. What is the remainder when 133 is divided by l?
7
Let v(x) = x + x**2 + 3*x**2 - 2*x. Calculate the remainder when 7 is divided by v(1).
1
Suppose 0 = -2*l - 8 + 32. What is the remainder when 16 is divided by (-7)/2*l/(-7)?
4
Let g = -18 + 35. Calculate the remainder when 67 is divided by g.
16
Let a = 52 + -21. What is the remainder when a is divided by 8?
7
Suppose -4*l - 8 = 0, -5*u - l = -2*l - 52. Calculate the remainder when (-1)/(0 - 2/78) is divided by u.
9
Let j = 6 - 3. What is the remainder when 1/(-3) - (-184)/j is divided by 21?
19
Suppose -3*q + 2*w + 43 = 0, q - 11 = 2*w + 2*w. Calculate the remainder when q is divided by 6.
3
Suppose 0 = -4*g + 2*i - 1172, 6*i - i = 10. Calculate the remainder when (2/4 + -1)*g is divided by 37.
35
What is the remainder when (39*-1)/(-3) - 2 is divided by (1/(-3))/(1/(-12))?
3
Suppose 2*d = y + 2, -3*y + 17 = 3*d - y. Suppose -51 = -d*g - c - 2, -4*g - 5*c + 58 = 0. Suppose 27 = 3*u - 0. Calculate the remainder when g is divided by u.
8
What is the remainder when ((-42)/8 + 0)*96/(-36) is divided by 4?
2
What is the remainder when 70 is divided by -1 + (55 - -2)/3?
16
Let r(q) = -q + 4. Let p be r(-1). Let d(j) = -j**3 - 6*j**2 - 2. Let l be d(-6). Let z = p + l. What is the remainder when 7 is divided by z?
1
Let o(l) = l + 2. Let n be o(9). Suppose -2*q + 7 = -n. Suppose -v - q = -u, 3*u + 6*v - 19 = v. Calculate the remainder when 23 is divided by u.
7
Suppose 2*c - 4*o + 6 = 0, -c - 6 = c + 3*o. What is the remainder when 13 is divided by (-16)/(-3) + 1/c?
3
Let o(g) = g + 1. Let v be o(9). Let n = 12 - v. Suppose 2*f = 2*m - 4, n*m - 10 = 2*f - 3*f. What is the remainder when 13 is divided by m?
1
Let v = -41 - -57. Let p be (4/2 - 2) + 1. What is the remainder when 31*(0/1 + p) is divided by v?
15
Suppose 3*n - 7*n + 60 = 0. Suppose 3*k - n = -3. Calculate the remainder when 12 + 2 - (0 + 1) is divided by k.
1
What is the remainder when 124 is divided by ((-1)/2)/(39/(-130))*15?
24
Let f = 100 - 80. What is the remainder when 158 is divided by f?
18
Let p(x) = 77*x**2 - 2*x. What is the remainder when p(1) is divided by 20?
15
Suppose -10 = 2*y - 0. Let c(d) = -6*d. Let h(w) = -w. Let t(b) = 2*c(b) - 11*h(b). Calculate the remainder when t(y) is divided by 3.
2
Let l = -16 - -10. Calculate the remainder when l/(3 - 99/30) is divided by 11.
9
Let t = -9 - -14. Let l be (-3 + 4)/((-1)/(-57)). Suppose 7*w + 5*q - l = 3*w, -2*q - 24 = -w. What is the remainder when w is divided by t?
3
Suppose -u = -4*u - 9. Let o(c) = c**3 + 4*c**2 + c - 3. Calculate the remainder when 7 is divided by o(u).
1
Let g(a) = -5*a + 4. Calculate the remainder when 67 is divided by g(-6).
33
Let b = -13 + 21. Calculate the remainder when 31 is divided by b.
7
Let p(j) = -2*j**2 - 25*j - 21. Calculate the remainder when 33 is divided by p(-11).
9
Suppose 0 = 2*o + 4*s + 166, 60 = -o + 2*s - 23. Let u = o + 126. Calculate the remainder when u is divided by 15.
13
Let l = 22 - 4. Calculate the remainder when 33 is divided by l.
15
Suppose -23 - 1 = -4*d + 3*p, d - 6 = 5*p. Suppose 4*t = -d + 2. Calculate the remainder when 20 is divided by t/((6/33)/(-2)).
9
Let i(g) be the first derivative of g**3/3 + g**2/2 + 2*g - 2. Suppose -5*j - 4*w = -39, j - 2*w + 25 = 4*j. Calculate the remainder when i(-6) is divided by j.
10
Let j = 2 + 1. Suppose -5*p = -2*p + 5*y - 64, 72 = 3*p + j*y. What is the remainder when p is divided by 10?
8
Let s be ((-7)/(-3) + -3)*-3. Suppose -4*t + 3*a + 155 = 0, 0*a - 80 = -2*t + s*a. Calculate the remainder when t is divided by 13.
9
Suppose -4*j + 28 = 2*n, -3*n - 9 = -4*j - 1. Suppose -n*a + 3*a = -g + 5, g - 4*a = 2. Let u = 20 - g. Calculate the remainder when u is divided by 5.
4
Let s(b) = b**3 + 4*b**2 + 5*b + 3. Let t be s(-3). Let x be ((-1)/t)/((-5)/(-165)). Let h = 22 - x. What is the remainder when 32 is divided by h?
10
Let g = 4 - -3. Calculate the remainder when (-124)/(-6) - (2 + 4/(-3)) is divided by g.
6
Suppose 0 = 3*t + 3*t - 6. What is the remainder when 1 is divided by t?
0
Suppose -62 + 4 = -2*q. Suppose -b + 13 = 3. Calculate the remainder when q is divided by b.
9
Let z be (-2)/(((-2)/(-1))/(-2)). Let i(r) = 8*r + 7. What is the remainder when i(6) is divided by (4/6)/z*57?
17
Let x = 10 - 3. Calculate the remainder when 26 is divided by x.
5
What is the remainder when 18 is divided by 11/5 + 3 - 2/10?
3
Suppose -2*u + 9 = r - 0, 2 = 